{"id":1791,"date":"2025-05-13T18:59:28","date_gmt":"2025-05-13T16:59:28","guid":{"rendered":"https:\/\/lectureetpartage.fr\/?page_id=1791"},"modified":"2025-12-03T11:22:23","modified_gmt":"2025-12-03T10:22:23","slug":"elementor-1791","status":"publish","type":"page","link":"https:\/\/lectureetpartage.fr\/index.php\/lassociation\/adultes\/elementor-1791\/","title":{"rendered":"FLE"},"content":{"rendered":"\t\t<div data-elementor-type=\"wp-page\" data-elementor-id=\"1791\" class=\"elementor elementor-1791\" data-elementor-post-type=\"page\">\n\t\t\t\t\t\t<section class=\"elementor-section elementor-top-section elementor-element elementor-element-d68ac22 elementor-section-full_width elementor-section-height-default elementor-section-height-default\" data-id=\"d68ac22\" data-element_type=\"section\" data-e-type=\"section\">\n\t\t\t\t\t\t<div class=\"elementor-container elementor-column-gap-default\">\n\t\t\t\t\t<div class=\"elementor-column elementor-col-100 elementor-top-column elementor-element elementor-element-1c0007c\" data-id=\"1c0007c\" data-element_type=\"column\" data-e-type=\"column\">\n\t\t\t<div class=\"elementor-widget-wrap elementor-element-populated\">\n\t\t\t\t\t\t<div class=\"elementor-element elementor-element-e2b29a9 elementor-widget elementor-widget-text-editor\" data-id=\"e2b29a9\" data-element_type=\"widget\" data-e-type=\"widget\" data-widget_type=\"text-editor.default\">\n\t\t\t\t<div class=\"elementor-widget-container\">\n\t\t\t\t\t\t\t\t\t<p>Apprendre le fran\u00e7ais, une porte vers l&rsquo;avenir<\/p>\t\t\t\t\t\t\t\t<\/div>\n\t\t\t\t<\/div>\n\t\t\t\t\t<\/div>\n\t\t<\/div>\n\t\t\t\t\t<\/div>\n\t\t<\/section>\n\t\t\t\t<section class=\"elementor-section elementor-top-section elementor-element elementor-element-d654089 elementor-section-boxed elementor-section-height-default elementor-section-height-default\" data-id=\"d654089\" data-element_type=\"section\" data-e-type=\"section\">\n\t\t\t\t\t\t<div class=\"elementor-container elementor-column-gap-default\">\n\t\t\t\t\t<div class=\"elementor-column elementor-col-100 elementor-top-column elementor-element elementor-element-8f7e04c\" data-id=\"8f7e04c\" data-element_type=\"column\" data-e-type=\"column\">\n\t\t\t<div class=\"elementor-widget-wrap elementor-element-populated\">\n\t\t\t\t\t\t<div class=\"elementor-element elementor-element-3803e32 elementor-widget elementor-widget-heading\" data-id=\"3803e32\" data-element_type=\"widget\" data-e-type=\"widget\" data-widget_type=\"heading.default\">\n\t\t\t\t<div class=\"elementor-widget-container\">\n\t\t\t\t\t<h1 class=\"elementor-heading-title elementor-size-default\">FRANCAIS LANGUE ETRANGERE (FLE)<\/h1>\t\t\t\t<\/div>\n\t\t\t\t<\/div>\n\t\t\t\t\t<\/div>\n\t\t<\/div>\n\t\t\t\t\t<\/div>\n\t\t<\/section>\n\t\t\t\t<section class=\"elementor-section elementor-top-section elementor-element elementor-element-3a8095b elementor-section-boxed elementor-section-height-default elementor-section-height-default\" data-id=\"3a8095b\" data-element_type=\"section\" data-e-type=\"section\">\n\t\t\t\t\t\t<div class=\"elementor-container elementor-column-gap-default\">\n\t\t\t\t\t<div class=\"elementor-column elementor-col-100 elementor-top-column elementor-element elementor-element-6a9c9f1\" data-id=\"6a9c9f1\" data-element_type=\"column\" data-e-type=\"column\">\n\t\t\t<div class=\"elementor-widget-wrap elementor-element-populated\">\n\t\t\t\t\t\t<div class=\"elementor-element elementor-element-0647560 elementor-widget__width-initial elementor-widget elementor-widget-text-editor\" data-id=\"0647560\" data-element_type=\"widget\" data-e-type=\"widget\" data-widget_type=\"text-editor.default\">\n\t\t\t\t<div class=\"elementor-widget-container\">\n\t\t\t\t\t\t\t\t\t<p>Notre groupe d\u2019ateliers sociolinguistiques (ASL) pour des personnes d\u2019origine \u00e9trang\u00e8re compte \u00e0 mi-2025 18 b\u00e9n\u00e9voles et 65 b\u00e9n\u00e9ficiaires d\u2019une vingtaine de nationalit\u00e9s diff\u00e9rentes dont un grand nombre est h\u00e9berg\u00e9 au foyer Adoma.<br \/>Les interventions ont lieu \u00e0 la maison des familles de B\u00e9ligny du lundi au vendredi en petits groupes de niveau homog\u00e8ne, au foyer Adoma voire \u00e0 domicile.<br \/>Tous les niveaux sont accueillis depuis l\u2019alphab\u00e9tisation, les d\u00e9butants complets jusqu\u2019au niveau tr\u00e8s avanc\u00e9 en FLE B2.<br \/>Nous inscrivons chaque ann\u00e9e les candidats qui sont pr\u00eats (20 en 2025) pour la session d\u00e9centralis\u00e9e \u00e0 Villefranche des examens du DELF (Dipl\u00f4me d&rsquo;Etudes en Langue Fran\u00e7aise) niveaux A1, A2, B1 et B2 (en g\u00e9n\u00e9ral vers\u00a0 mi-juin).\u00a0 Des examens blancs ont lieu en amont.<\/p><p>Le groupe fait partie de la coordination linguistique regroupant les associations caladoises en charge d\u2019ASL et participe aux r\u00e9unions de travail dans ce cadre.<\/p>\t\t\t\t\t\t\t\t<\/div>\n\t\t\t\t<\/div>\n\t\t\t\t\t<\/div>\n\t\t<\/div>\n\t\t\t\t\t<\/div>\n\t\t<\/section>\n\t\t\t\t<section class=\"elementor-section elementor-top-section elementor-element elementor-element-b04cf29 elementor-section-boxed elementor-section-height-default elementor-section-height-default\" data-id=\"b04cf29\" data-element_type=\"section\" data-e-type=\"section\">\n\t\t\t\t\t\t<div class=\"elementor-container elementor-column-gap-default\">\n\t\t\t\t\t<div class=\"elementor-column elementor-col-100 elementor-top-column elementor-element elementor-element-ad3ca88\" data-id=\"ad3ca88\" data-element_type=\"column\" data-e-type=\"column\">\n\t\t\t<div class=\"elementor-widget-wrap elementor-element-populated\">\n\t\t\t\t\t\t<div class=\"elementor-element elementor-element-c3a00eb elementor-widget__width-initial elementor-widget elementor-widget-text-editor\" data-id=\"c3a00eb\" data-element_type=\"widget\" data-e-type=\"widget\" data-widget_type=\"text-editor.default\">\n\t\t\t\t<div class=\"elementor-widget-container\">\n\t\t\t\t\t\t\t\t\t<p>Outre les ateliers, nous animons des apr\u00e8s-midi jeux de soci\u00e9t\u00e9 ou discussions sur un th\u00e8me donn\u00e9 (pr\u00e9senter son pays, parler d\u2019une f\u00eate importante dans son pays, raconter \u00e0 partir d\u2019une photo, etc).<\/p><p>Nous organisons environ 2 fois par an des sorties culturelles; pour 2024\/2025 nous avons eu droit \u00e0 une visite guid\u00e9e au mus\u00e9e Paul Dini :<br \/><img fetchpriority=\"high\" decoding=\"async\" class=\"wp-image-2499 aligncenter\" src=\"https:\/\/lectureetpartage.fr\/wp-content\/uploads\/2025\/11\/2025musee-Dini-300x207.png\" alt=\"\" width=\"406\" height=\"280\" srcset=\"https:\/\/lectureetpartage.fr\/wp-content\/uploads\/2025\/11\/2025musee-Dini-300x207.png 300w, https:\/\/lectureetpartage.fr\/wp-content\/uploads\/2025\/11\/2025musee-Dini-1024x707.png 1024w, https:\/\/lectureetpartage.fr\/wp-content\/uploads\/2025\/11\/2025musee-Dini-768x531.png 768w, https:\/\/lectureetpartage.fr\/wp-content\/uploads\/2025\/11\/2025musee-Dini.png 1433w\" sizes=\"(max-width: 406px) 100vw, 406px\" \/><br \/>Puis une journ\u00e9e \u00e0 Lyon ( mus\u00e9e de la Sucri\u00e8re + mus\u00e9e des Confluences) :<img decoding=\"async\" class=\"wp-image-2500 aligncenter\" src=\"https:\/\/lectureetpartage.fr\/wp-content\/uploads\/2025\/11\/2025-sur-le-toit-du-monde-au-musee-des-Confluences-300x225.jpg\" alt=\"\" width=\"384\" height=\"288\" srcset=\"https:\/\/lectureetpartage.fr\/wp-content\/uploads\/2025\/11\/2025-sur-le-toit-du-monde-au-musee-des-Confluences-300x225.jpg 300w, https:\/\/lectureetpartage.fr\/wp-content\/uploads\/2025\/11\/2025-sur-le-toit-du-monde-au-musee-des-Confluences.jpg 640w\" sizes=\"(max-width: 384px) 100vw, 384px\" \/><\/p>\t\t\t\t\t\t\t\t<\/div>\n\t\t\t\t<\/div>\n\t\t\t\t\t<\/div>\n\t\t<\/div>\n\t\t\t\t\t<\/div>\n\t\t<\/section>\n\t\t\t\t<\/div>\n\t\t","protected":false},"excerpt":{"rendered":"<p>Apprendre le fran\u00e7ais, une porte vers l&rsquo;avenir FRANCAIS LANGUE ETRANGERE (FLE) Notre groupe d\u2019ateliers sociolinguistiques (ASL) pour des personnes d\u2019origine \u00e9trang\u00e8re compte \u00e0 mi-2025 18 b\u00e9n\u00e9voles et 65 b\u00e9n\u00e9ficiaires d\u2019une vingtaine de nationalit\u00e9s diff\u00e9rentes dont un grand nombre est h\u00e9berg\u00e9 au foyer Adoma.Les interventions ont lieu \u00e0 la maison des familles de B\u00e9ligny du lundi&#8230;<\/p>\n","protected":false},"author":225,"featured_media":0,"parent":1490,"menu_order":0,"comment_status":"closed","ping_status":"closed","template":"","meta":{"_kadence_starter_templates_imported_post":false,"_kad_post_transparent":"","_kad_post_title":"hide","_kad_post_layout":"fullwidth","_kad_post_sidebar_id":"","_kad_post_content_style":"unboxed","_kad_post_vertical_padding":"hide","_kad_post_feature":"hide","_kad_post_feature_position":"","_kad_post_header":false,"_kad_post_footer":false,"_kad_post_classname":"","footnotes":""},"class_list":["post-1791","page","type-page","status-publish","hentry"],"_links":{"self":[{"href":"https:\/\/lectureetpartage.fr\/index.php\/wp-json\/wp\/v2\/pages\/1791","targetHints":{"allow":["GET"]}}],"collection":[{"href":"https:\/\/lectureetpartage.fr\/index.php\/wp-json\/wp\/v2\/pages"}],"about":[{"href":"https:\/\/lectureetpartage.fr\/index.php\/wp-json\/wp\/v2\/types\/page"}],"author":[{"embeddable":true,"href":"https:\/\/lectureetpartage.fr\/index.php\/wp-json\/wp\/v2\/users\/225"}],"replies":[{"embeddable":true,"href":"https:\/\/lectureetpartage.fr\/index.php\/wp-json\/wp\/v2\/comments?post=1791"}],"version-history":[{"count":50,"href":"https:\/\/lectureetpartage.fr\/index.php\/wp-json\/wp\/v2\/pages\/1791\/revisions"}],"predecessor-version":[{"id":2845,"href":"https:\/\/lectureetpartage.fr\/index.php\/wp-json\/wp\/v2\/pages\/1791\/revisions\/2845"}],"up":[{"embeddable":true,"href":"https:\/\/lectureetpartage.fr\/index.php\/wp-json\/wp\/v2\/pages\/1490"}],"wp:attachment":[{"href":"https:\/\/lectureetpartage.fr\/index.php\/wp-json\/wp\/v2\/media?parent=1791"}],"curies":[{"name":"wp","href":"https:\/\/api.w.org\/{rel}","templated":true}]}}

<div data-elementor-type="wp-page" data-elementor-id="1791" class="elementor elementor-1791" data-elementor-post-type="page">
						<section class="elementor-section elementor-top-section elementor-element elementor-element-d68ac22 elementor-section-full_width elementor-section-height-default elementor-section-height-default" data-id="d68ac22" data-element_type="section" data-e-type="section">
						<div class="elementor-container elementor-column-gap-default">
					<div class="elementor-column elementor-col-100 elementor-top-column elementor-element elementor-element-1c0007c" data-id="1c0007c" data-element_type="column" data-e-type="column">
			<div class="elementor-widget-wrap elementor-element-populated">
						<div class="elementor-element elementor-element-e2b29a9 elementor-widget elementor-widget-text-editor" data-id="e2b29a9" data-element_type="widget" data-e-type="widget" data-widget_type="text-editor.default">
				<div class="elementor-widget-container">
									<p>Apprendre le français, une porte vers l&rsquo;avenir</p>								</div>
				</div>
					</div>
		</div>
					</div>
		</section>
				<section class="elementor-section elementor-top-section elementor-element elementor-element-d654089 elementor-section-boxed elementor-section-height-default elementor-section-height-default" data-id="d654089" data-element_type="section" data-e-type="section">
						<div class="elementor-container elementor-column-gap-default">
					<div class="elementor-column elementor-col-100 elementor-top-column elementor-element elementor-element-8f7e04c" data-id="8f7e04c" data-element_type="column" data-e-type="column">
			<div class="elementor-widget-wrap elementor-element-populated">
						<div class="elementor-element elementor-element-3803e32 elementor-widget elementor-widget-heading" data-id="3803e32" data-element_type="widget" data-e-type="widget" data-widget_type="heading.default">
				<div class="elementor-widget-container">
					<h1 class="elementor-heading-title elementor-size-default">FRANCAIS LANGUE ETRANGERE (FLE)</h1>				</div>
				</div>
					</div>
		</div>
					</div>
		</section>
				<section class="elementor-section elementor-top-section elementor-element elementor-element-3a8095b elementor-section-boxed elementor-section-height-default elementor-section-height-default" data-id="3a8095b" data-element_type="section" data-e-type="section">
						<div class="elementor-container elementor-column-gap-default">
					<div class="elementor-column elementor-col-100 elementor-top-column elementor-element elementor-element-6a9c9f1" data-id="6a9c9f1" data-element_type="column" data-e-type="column">
			<div class="elementor-widget-wrap elementor-element-populated">
						<div class="elementor-element elementor-element-0647560 elementor-widget__width-initial elementor-widget elementor-widget-text-editor" data-id="0647560" data-element_type="widget" data-e-type="widget" data-widget_type="text-editor.default">
				<div class="elementor-widget-container">
									<p>Notre groupe d’ateliers sociolinguistiques (ASL) pour des personnes d’origine étrangère compte à mi-2025 18 bénévoles et 65 bénéficiaires d’une vingtaine de nationalités différentes dont un grand nombre est hébergé au foyer Adoma.<br />Les interventions ont lieu à la maison des familles de Béligny du lundi au vendredi en petits groupes de niveau homogène, au foyer Adoma voire à domicile.<br />Tous les niveaux sont accueillis depuis l’alphabétisation, les débutants complets jusqu’au niveau très avancé en FLE B2.<br />Nous inscrivons chaque année les candidats qui sont prêts (20 en 2025) pour la session décentralisée à Villefranche des examens du DELF (Diplôme d&rsquo;Etudes en Langue Française) niveaux A1, A2, B1 et B2 (en général vers  mi-juin).  Des examens blancs ont lieu en amont.</p><p>Le groupe fait partie de la coordination linguistique regroupant les associations caladoises en charge d’ASL et participe aux réunions de travail dans ce cadre.</p>								</div>
				</div>
					</div>
		</div>
					</div>
		</section>
				<section class="elementor-section elementor-top-section elementor-element elementor-element-b04cf29 elementor-section-boxed elementor-section-height-default elementor-section-height-default" data-id="b04cf29" data-element_type="section" data-e-type="section">
						<div class="elementor-container elementor-column-gap-default">
					<div class="elementor-column elementor-col-100 elementor-top-column elementor-element elementor-element-ad3ca88" data-id="ad3ca88" data-element_type="column" data-e-type="column">
			<div class="elementor-widget-wrap elementor-element-populated">
						<div class="elementor-element elementor-element-c3a00eb elementor-widget__width-initial elementor-widget elementor-widget-text-editor" data-id="c3a00eb" data-element_type="widget" data-e-type="widget" data-widget_type="text-editor.default">
				<div class="elementor-widget-container">
									<p>Outre les ateliers, nous animons des après-midi jeux de société ou discussions sur un thème donné (présenter son pays, parler d’une fête importante dans son pays, raconter à partir d’une photo, etc).</p><p>Nous organisons environ 2 fois par an des sorties culturelles; pour 2024/2025 nous avons eu droit à une visite guidée au musée Paul Dini :<br /><img fetchpriority="high" decoding="async" class="wp-image-2499 aligncenter" src="https://lectureetpartage.fr/wp-content/uploads/2025/11/2025musee-Dini-300x207.png" alt="" width="406" height="280" srcset="https://lectureetpartage.fr/wp-content/uploads/2025/11/2025musee-Dini-300x207.png 300w, https://lectureetpartage.fr/wp-content/uploads/2025/11/2025musee-Dini-1024x707.png 1024w, https://lectureetpartage.fr/wp-content/uploads/2025/11/2025musee-Dini-768x531.png 768w, https://lectureetpartage.fr/wp-content/uploads/2025/11/2025musee-Dini.png 1433w" sizes="(max-width: 406px) 100vw, 406px" /><br />Puis une journée à Lyon ( musée de la Sucrière + musée des Confluences) :<img decoding="async" class="wp-image-2500 aligncenter" src="https://lectureetpartage.fr/wp-content/uploads/2025/11/2025-sur-le-toit-du-monde-au-musee-des-Confluences-300x225.jpg" alt="" width="384" height="288" srcset="https://lectureetpartage.fr/wp-content/uploads/2025/11/2025-sur-le-toit-du-monde-au-musee-des-Confluences-300x225.jpg 300w, https://lectureetpartage.fr/wp-content/uploads/2025/11/2025-sur-le-toit-du-monde-au-musee-des-Confluences.jpg 640w" sizes="(max-width: 384px) 100vw, 384px" /></p>								</div>
				</div>
					</div>
		</div>
					</div>
		</section>
				</div>

<p>Apprendre le français, une porte vers l&rsquo;avenir FRANCAIS LANGUE ETRANGERE (FLE) Notre groupe d’ateliers sociolinguistiques (ASL) pour des personnes d’origine étrangère compte à mi-2025 18 bénévoles et 65 bénéficiaires d’une vingtaine de nationalités différentes dont un grand nombre est hébergé au foyer Adoma.Les interventions ont lieu à la maison des familles de Béligny du lundi&#8230;</p>
