{"id":1736,"date":"2025-05-13T18:07:45","date_gmt":"2025-05-13T16:07:45","guid":{"rendered":"https:\/\/lectureetpartage.fr\/?page_id=1736"},"modified":"2025-11-25T22:09:16","modified_gmt":"2025-11-25T21:09:16","slug":"elementor-1736","status":"publish","type":"page","link":"https:\/\/lectureetpartage.fr\/index.php\/lassociation\/adultes\/elementor-1736\/","title":{"rendered":"MAISON D&rsquo;ARRET"},"content":{"rendered":"\t\t<div data-elementor-type=\"wp-page\" data-elementor-id=\"1736\" class=\"elementor elementor-1736\" data-elementor-post-type=\"page\">\n\t\t\t\t\t\t<section class=\"elementor-section elementor-top-section elementor-element elementor-element-5f64378 elementor-section-boxed elementor-section-height-default elementor-section-height-default\" data-id=\"5f64378\" data-element_type=\"section\" data-e-type=\"section\" data-settings=\"{&quot;background_background&quot;:&quot;classic&quot;}\">\n\t\t\t\t\t\t<div class=\"elementor-container elementor-column-gap-default\">\n\t\t\t\t\t<div class=\"elementor-column elementor-col-100 elementor-top-column elementor-element elementor-element-f41f2dc\" data-id=\"f41f2dc\" data-element_type=\"column\" data-e-type=\"column\">\n\t\t\t<div class=\"elementor-widget-wrap elementor-element-populated\">\n\t\t\t\t\t\t<div class=\"elementor-element elementor-element-bf5ba04 elementor-widget elementor-widget-heading\" data-id=\"bf5ba04\" data-element_type=\"widget\" data-e-type=\"widget\" data-widget_type=\"heading.default\">\n\t\t\t\t<div class=\"elementor-widget-container\">\n\t\t\t\t\t<h2 class=\"elementor-heading-title elementor-size-default\">Partageons ensemble le plaisir de lire<\/h2>\t\t\t\t<\/div>\n\t\t\t\t<\/div>\n\t\t\t\t\t<\/div>\n\t\t<\/div>\n\t\t\t\t\t<\/div>\n\t\t<\/section>\n\t\t\t\t<section class=\"elementor-section elementor-top-section elementor-element elementor-element-2edc607 elementor-section-boxed elementor-section-height-default elementor-section-height-default\" data-id=\"2edc607\" data-element_type=\"section\" data-e-type=\"section\">\n\t\t\t\t\t\t<div class=\"elementor-container elementor-column-gap-default\">\n\t\t\t\t\t<div class=\"elementor-column elementor-col-100 elementor-top-column elementor-element elementor-element-7401d5f\" data-id=\"7401d5f\" data-element_type=\"column\" data-e-type=\"column\">\n\t\t\t<div class=\"elementor-widget-wrap elementor-element-populated\">\n\t\t\t\t\t\t<div class=\"elementor-element elementor-element-1bf74b1 elementor-widget elementor-widget-heading\" data-id=\"1bf74b1\" data-element_type=\"widget\" data-e-type=\"widget\" data-widget_type=\"heading.default\">\n\t\t\t\t<div class=\"elementor-widget-container\">\n\t\t\t\t\t<h1 class=\"elementor-heading-title elementor-size-default\">MAISON D'ARRET<\/h1>\t\t\t\t<\/div>\n\t\t\t\t<\/div>\n\t\t\t\t\t<\/div>\n\t\t<\/div>\n\t\t\t\t\t<\/div>\n\t\t<\/section>\n\t\t\t\t<section class=\"elementor-section elementor-top-section elementor-element elementor-element-aa275d3 elementor-section-boxed elementor-section-height-default elementor-section-height-default\" data-id=\"aa275d3\" data-element_type=\"section\" data-e-type=\"section\">\n\t\t\t\t\t\t<div class=\"elementor-container elementor-column-gap-default\">\n\t\t\t\t\t<div class=\"elementor-column elementor-col-100 elementor-top-column elementor-element elementor-element-045b8e7\" data-id=\"045b8e7\" data-element_type=\"column\" data-e-type=\"column\">\n\t\t\t<div class=\"elementor-widget-wrap elementor-element-populated\">\n\t\t\t\t\t\t<div class=\"elementor-element elementor-element-3b58a69 elementor-widget elementor-widget-text-editor\" data-id=\"3b58a69\" data-element_type=\"widget\" data-e-type=\"widget\" data-widget_type=\"text-editor.default\">\n\t\t\t\t<div class=\"elementor-widget-container\">\n\t\t\t\t\t\t\t\t\t<p><img fetchpriority=\"high\" decoding=\"async\" class=\"size-medium wp-image-1746 alignleft\" src=\"https:\/\/lectureetpartage.fr\/wp-content\/uploads\/2025\/05\/maisondarretphoto-300x212.png\" alt=\"\" width=\"300\" height=\"212\" srcset=\"https:\/\/lectureetpartage.fr\/wp-content\/uploads\/2025\/05\/maisondarretphoto-300x212.png 300w, https:\/\/lectureetpartage.fr\/wp-content\/uploads\/2025\/05\/maisondarretphoto-1024x725.png 1024w, https:\/\/lectureetpartage.fr\/wp-content\/uploads\/2025\/05\/maisondarretphoto-768x544.png 768w, https:\/\/lectureetpartage.fr\/wp-content\/uploads\/2025\/05\/maisondarretphoto.png 1085w\" sizes=\"(max-width: 300px) 100vw, 300px\" \/>Dans un groupe de 8 lecteurs, un duo passe une heure et demie hebdomadaire dans la biblioth\u00e8que de la Maison d&rsquo;arr\u00eat pour lire des textes tr\u00e8s divers (po\u00e8mes, extraits de romans, de pi\u00e8ce de th\u00e9\u00e2tre, de sketches ou d&rsquo;articles&#8230;) devant un auditoire qui varie en nombre, rarement plus d&rsquo;une dizaine de d\u00e9tenus, afin d&rsquo;apporter un peu d&rsquo;oxyg\u00e8ne dans ce milieu carc\u00e9ral. Les lectures entra\u00eenent souvent des \u00e9changes, faits de souvenirs, de r\u00e9flexions. Ce groupe travaille en collaboration avec le service scolarit\u00e9 de l&rsquo;institution et est en contact avec <strong>Calame Calade<\/strong> qui regroupe toutes les associations qui interviennent aupr\u00e8s des d\u00e9tenus dans ce lieu.<\/p>\t\t\t\t\t\t\t\t<\/div>\n\t\t\t\t<\/div>\n\t\t\t\t\t<\/div>\n\t\t<\/div>\n\t\t\t\t\t<\/div>\n\t\t<\/section>\n\t\t\t\t<\/div>\n\t\t","protected":false},"excerpt":{"rendered":"<p>Partageons ensemble le plaisir de lire MAISON D&rsquo;ARRET Dans un groupe de 8 lecteurs, un duo passe une heure et demie hebdomadaire dans la biblioth\u00e8que de la Maison d&rsquo;arr\u00eat pour lire des textes tr\u00e8s divers (po\u00e8mes, extraits de romans, de pi\u00e8ce de th\u00e9\u00e2tre, de sketches ou d&rsquo;articles&#8230;) devant un auditoire qui varie en nombre, rarement&#8230;<\/p>\n","protected":false},"author":225,"featured_media":0,"parent":1490,"menu_order":0,"comment_status":"closed","ping_status":"closed","template":"","meta":{"_kadence_starter_templates_imported_post":false,"_kad_post_transparent":"","_kad_post_title":"hide","_kad_post_layout":"fullwidth","_kad_post_sidebar_id":"","_kad_post_content_style":"unboxed","_kad_post_vertical_padding":"hide","_kad_post_feature":"hide","_kad_post_feature_position":"","_kad_post_header":false,"_kad_post_footer":false,"_kad_post_classname":"","footnotes":""},"class_list":["post-1736","page","type-page","status-publish","hentry"],"_links":{"self":[{"href":"https:\/\/lectureetpartage.fr\/index.php\/wp-json\/wp\/v2\/pages\/1736","targetHints":{"allow":["GET"]}}],"collection":[{"href":"https:\/\/lectureetpartage.fr\/index.php\/wp-json\/wp\/v2\/pages"}],"about":[{"href":"https:\/\/lectureetpartage.fr\/index.php\/wp-json\/wp\/v2\/types\/page"}],"author":[{"embeddable":true,"href":"https:\/\/lectureetpartage.fr\/index.php\/wp-json\/wp\/v2\/users\/225"}],"replies":[{"embeddable":true,"href":"https:\/\/lectureetpartage.fr\/index.php\/wp-json\/wp\/v2\/comments?post=1736"}],"version-history":[{"count":14,"href":"https:\/\/lectureetpartage.fr\/index.php\/wp-json\/wp\/v2\/pages\/1736\/revisions"}],"predecessor-version":[{"id":2671,"href":"https:\/\/lectureetpartage.fr\/index.php\/wp-json\/wp\/v2\/pages\/1736\/revisions\/2671"}],"up":[{"embeddable":true,"href":"https:\/\/lectureetpartage.fr\/index.php\/wp-json\/wp\/v2\/pages\/1490"}],"wp:attachment":[{"href":"https:\/\/lectureetpartage.fr\/index.php\/wp-json\/wp\/v2\/media?parent=1736"}],"curies":[{"name":"wp","href":"https:\/\/api.w.org\/{rel}","templated":true}]}}