{"id":1706,"date":"2025-05-13T17:26:16","date_gmt":"2025-05-13T15:26:16","guid":{"rendered":"https:\/\/lectureetpartage.fr\/?page_id=1706"},"modified":"2025-11-27T12:38:58","modified_gmt":"2025-11-27T11:38:58","slug":"elementor-1706","status":"publish","type":"page","link":"https:\/\/lectureetpartage.fr\/index.php\/lassociation\/adultes\/elementor-1706\/","title":{"rendered":"ETABLISSEMENTS MEDICO-SOCIAUX"},"content":{"rendered":"\t\t<div data-elementor-type=\"wp-page\" data-elementor-id=\"1706\" class=\"elementor elementor-1706\" data-elementor-post-type=\"page\">\n\t\t\t\t\t\t<section class=\"elementor-section elementor-top-section elementor-element elementor-element-46f0f98 elementor-section-full_width elementor-section-height-default elementor-section-height-default\" data-id=\"46f0f98\" data-element_type=\"section\" data-e-type=\"section\">\n\t\t\t\t\t\t<div class=\"elementor-container elementor-column-gap-default\">\n\t\t\t\t\t<div class=\"elementor-column elementor-col-100 elementor-top-column elementor-element elementor-element-4ce5919\" data-id=\"4ce5919\" data-element_type=\"column\" data-e-type=\"column\">\n\t\t\t<div class=\"elementor-widget-wrap elementor-element-populated\">\n\t\t\t\t\t\t<div class=\"elementor-element elementor-element-3fafa7f elementor-widget elementor-widget-heading\" data-id=\"3fafa7f\" data-element_type=\"widget\" data-e-type=\"widget\" data-widget_type=\"heading.default\">\n\t\t\t\t<div class=\"elementor-widget-container\">\n\t\t\t\t\t<h2 class=\"elementor-heading-title elementor-size-default\">\nPartageons ensemble le plaisir de lire\n<\/h2>\t\t\t\t<\/div>\n\t\t\t\t<\/div>\n\t\t\t\t\t<\/div>\n\t\t<\/div>\n\t\t\t\t\t<\/div>\n\t\t<\/section>\n\t\t\t\t<section class=\"elementor-section elementor-top-section elementor-element elementor-element-d16b116 elementor-section-boxed elementor-section-height-default elementor-section-height-default\" data-id=\"d16b116\" data-element_type=\"section\" data-e-type=\"section\">\n\t\t\t\t\t\t<div class=\"elementor-container elementor-column-gap-default\">\n\t\t\t\t\t<div class=\"elementor-column elementor-col-100 elementor-top-column elementor-element elementor-element-2eecb01\" data-id=\"2eecb01\" data-element_type=\"column\" data-e-type=\"column\">\n\t\t\t<div class=\"elementor-widget-wrap elementor-element-populated\">\n\t\t\t\t\t\t<div class=\"elementor-element elementor-element-cc5f7e2 elementor-widget elementor-widget-heading\" data-id=\"cc5f7e2\" data-element_type=\"widget\" data-e-type=\"widget\" data-widget_type=\"heading.default\">\n\t\t\t\t<div class=\"elementor-widget-container\">\n\t\t\t\t\t<h1 class=\"elementor-heading-title elementor-size-default\">ETABLISSEMENTS MEDICO-SOCIAUX<\/h1>\t\t\t\t<\/div>\n\t\t\t\t<\/div>\n\t\t\t\t\t<\/div>\n\t\t<\/div>\n\t\t\t\t\t<\/div>\n\t\t<\/section>\n\t\t\t\t<section class=\"elementor-section elementor-top-section elementor-element elementor-element-7a5bb85 elementor-section-boxed elementor-section-height-default elementor-section-height-default\" data-id=\"7a5bb85\" data-element_type=\"section\" data-e-type=\"section\">\n\t\t\t\t\t\t<div class=\"elementor-container elementor-column-gap-default\">\n\t\t\t\t\t<div class=\"elementor-column elementor-col-100 elementor-top-column elementor-element elementor-element-1389b3a\" data-id=\"1389b3a\" data-element_type=\"column\" data-e-type=\"column\">\n\t\t\t<div class=\"elementor-widget-wrap elementor-element-populated\">\n\t\t\t\t\t\t<div class=\"elementor-element elementor-element-75fa468 elementor-widget elementor-widget-heading\" data-id=\"75fa468\" data-element_type=\"widget\" data-e-type=\"widget\" data-widget_type=\"heading.default\">\n\t\t\t\t<div class=\"elementor-widget-container\">\n\t\t\t\t\t<h2 class=\"elementor-heading-title elementor-size-default\">DEMEURE DES DEUX RUISSEAUX<\/h2>\t\t\t\t<\/div>\n\t\t\t\t<\/div>\n\t\t\t\t\t<\/div>\n\t\t<\/div>\n\t\t\t\t\t<\/div>\n\t\t<\/section>\n\t\t\t\t<section class=\"elementor-section elementor-top-section elementor-element elementor-element-a026b21 elementor-section-boxed elementor-section-height-default elementor-section-height-default\" data-id=\"a026b21\" data-element_type=\"section\" data-e-type=\"section\">\n\t\t\t\t\t\t<div class=\"elementor-container elementor-column-gap-default\">\n\t\t\t\t\t<div class=\"elementor-column elementor-col-100 elementor-top-column elementor-element elementor-element-b9bff34\" data-id=\"b9bff34\" data-element_type=\"column\" data-e-type=\"column\">\n\t\t\t<div class=\"elementor-widget-wrap elementor-element-populated\">\n\t\t\t\t\t\t<div class=\"elementor-element elementor-element-7ea0f97 elementor-widget elementor-widget-text-editor\" data-id=\"7ea0f97\" data-element_type=\"widget\" data-e-type=\"widget\" data-settings=\"{&quot;_animation&quot;:&quot;none&quot;}\" data-widget_type=\"text-editor.default\">\n\t\t\t\t<div class=\"elementor-widget-container\">\n\t\t\t\t\t\t\t\t\t<p>Le lundi apr\u00e8s-midi, de 15h30 \u00e0 16h30, 3 fois par mois, lecture collective avec 3 \u00e0 5 participants. Les s\u00e9ances commencent tr\u00e8s souvent par un sketch ou une lecture dialogu\u00e9e avec la participation d\u2019une des r\u00e9sidentes qui prend volontiers un r\u00f4le ce qui est tr\u00e8s stimulant pour elle et pour tout le groupe. Les lectures de textes sur le r\u00e9gionalisme, la vie de personnages pittoresques ou remarquables, des nouvelles courtes et\/ou des passages de romans ( r\u00e9sum\u00e9s ou racont\u00e9s au pr\u00e9alable), des po\u00e8mes \u2026suscitent l\u2019int\u00e9r\u00eat et le partage entre tous les participants particuli\u00e8rement lorsqu\u2019ils font \u00e9merger souvenirs, exp\u00e9riences v\u00e9cues et\/ou points de vue sur les choses et id\u00e9es \u00e9manant des textes lus.<br \/>Ce temps de lecture est toujours attendu et appr\u00e9ci\u00e9 par les r\u00e9sidents et tr\u00e8s agr\u00e9able pour nous lecteurs<\/p>\t\t\t\t\t\t\t\t<\/div>\n\t\t\t\t<\/div>\n\t\t\t\t\t<\/div>\n\t\t<\/div>\n\t\t\t\t\t<\/div>\n\t\t<\/section>\n\t\t\t\t<section class=\"elementor-section elementor-top-section elementor-element elementor-element-5557456 elementor-section-boxed elementor-section-height-default elementor-section-height-default\" data-id=\"5557456\" data-element_type=\"section\" data-e-type=\"section\">\n\t\t\t\t\t\t<div class=\"elementor-container elementor-column-gap-default\">\n\t\t\t\t\t<div class=\"elementor-column elementor-col-100 elementor-top-column elementor-element elementor-element-edc0e6a\" data-id=\"edc0e6a\" data-element_type=\"column\" data-e-type=\"column\">\n\t\t\t<div class=\"elementor-widget-wrap elementor-element-populated\">\n\t\t\t\t\t\t<div class=\"elementor-element elementor-element-ea53afc elementor-widget elementor-widget-spacer\" data-id=\"ea53afc\" data-element_type=\"widget\" data-e-type=\"widget\" data-widget_type=\"spacer.default\">\n\t\t\t\t<div class=\"elementor-widget-container\">\n\t\t\t\t\t\t\t<div class=\"elementor-spacer\">\n\t\t\t<div class=\"elementor-spacer-inner\"><\/div>\n\t\t<\/div>\n\t\t\t\t\t\t<\/div>\n\t\t\t\t<\/div>\n\t\t\t\t<div class=\"elementor-element elementor-element-a0a00ce elementor-widget elementor-widget-heading\" data-id=\"a0a00ce\" data-element_type=\"widget\" data-e-type=\"widget\" data-widget_type=\"heading.default\">\n\t\t\t\t<div class=\"elementor-widget-container\">\n\t\t\t\t\t<h2 class=\"elementor-heading-title elementor-size-default\">HIPPOCAMPE<\/h2>\t\t\t\t<\/div>\n\t\t\t\t<\/div>\n\t\t\t\t\t<\/div>\n\t\t<\/div>\n\t\t\t\t\t<\/div>\n\t\t<\/section>\n\t\t\t\t<section class=\"elementor-section elementor-top-section elementor-element elementor-element-4292166 elementor-section-boxed elementor-section-height-default elementor-section-height-default\" data-id=\"4292166\" data-element_type=\"section\" data-e-type=\"section\">\n\t\t\t\t\t\t<div class=\"elementor-container elementor-column-gap-default\">\n\t\t\t\t\t<div class=\"elementor-column elementor-col-100 elementor-top-column elementor-element elementor-element-0fcbe0a\" data-id=\"0fcbe0a\" data-element_type=\"column\" data-e-type=\"column\">\n\t\t\t<div class=\"elementor-widget-wrap elementor-element-populated\">\n\t\t\t\t\t\t<div class=\"elementor-element elementor-element-e6fbdd0 elementor-widget elementor-widget-text-editor\" data-id=\"e6fbdd0\" data-element_type=\"widget\" data-e-type=\"widget\" data-widget_type=\"text-editor.default\">\n\t\t\t\t<div class=\"elementor-widget-container\">\n\t\t\t\t\t\t\t\t\t<p>L&rsquo;Hippocampe est un lieu de r\u00e9pit des aidants. C&rsquo;est un h\u00f4pital de jour qui accueille des personnes atteintes de pathologies li\u00e9es \u00e0 la perte de m\u00e9moire.<br><span style=\"background-color: transparent;\">Nous sommes trois lecteurs \u00e0 intervenir. Les s\u00e9ances de lecture comptent une dizaine de personnes. Elles durent pendant une heure. L&rsquo;aide m\u00e9dico-psychologique est pr\u00e9sente.<br><\/span><span style=\"background-color: transparent;\">Chaque s\u00e9ance est assur\u00e9e par deux lecteurs le jeudi tous les quinze jours de 14h30 \u00e0 16h. La premi\u00e8re demi-heure \u00e9tant consacr\u00e9e \u00e0 la pr\u00e9paration de notre s\u00e9ance.<br><\/span><span style=\"background-color: transparent;\">L&rsquo;\u00e9coute est tr\u00e8s satisfaisante. Les personnes sont bien r\u00e9ceptives et semblent appr\u00e9cier notre pr\u00e9sence.<br><\/span><span style=\"background-color: transparent;\">C&rsquo;est un plaisir de lire dans ce lieu.<\/span><\/p>\t\t\t\t\t\t\t\t<\/div>\n\t\t\t\t<\/div>\n\t\t\t\t\t<\/div>\n\t\t<\/div>\n\t\t\t\t\t<\/div>\n\t\t<\/section>\n\t\t\t\t<\/div>\n\t\t","protected":false},"excerpt":{"rendered":"<p>Partageons ensemble le plaisir de lire ETABLISSEMENTS MEDICO-SOCIAUX DEMEURE DES DEUX RUISSEAUX Le lundi apr\u00e8s-midi, de 15h30 \u00e0 16h30, 3 fois par mois, lecture collective avec 3 \u00e0 5 participants. Les s\u00e9ances commencent tr\u00e8s souvent par un sketch ou une lecture dialogu\u00e9e avec la participation d\u2019une des r\u00e9sidentes qui prend volontiers un r\u00f4le ce qui&#8230;<\/p>\n","protected":false},"author":225,"featured_media":0,"parent":1490,"menu_order":0,"comment_status":"closed","ping_status":"closed","template":"","meta":{"_kadence_starter_templates_imported_post":false,"_kad_post_transparent":"","_kad_post_title":"hide","_kad_post_layout":"fullwidth","_kad_post_sidebar_id":"","_kad_post_content_style":"unboxed","_kad_post_vertical_padding":"hide","_kad_post_feature":"hide","_kad_post_feature_position":"","_kad_post_header":false,"_kad_post_footer":false,"_kad_post_classname":"","footnotes":""},"class_list":["post-1706","page","type-page","status-publish","hentry"],"_links":{"self":[{"href":"https:\/\/lectureetpartage.fr\/index.php\/wp-json\/wp\/v2\/pages\/1706","targetHints":{"allow":["GET"]}}],"collection":[{"href":"https:\/\/lectureetpartage.fr\/index.php\/wp-json\/wp\/v2\/pages"}],"about":[{"href":"https:\/\/lectureetpartage.fr\/index.php\/wp-json\/wp\/v2\/types\/page"}],"author":[{"embeddable":true,"href":"https:\/\/lectureetpartage.fr\/index.php\/wp-json\/wp\/v2\/users\/225"}],"replies":[{"embeddable":true,"href":"https:\/\/lectureetpartage.fr\/index.php\/wp-json\/wp\/v2\/comments?post=1706"}],"version-history":[{"count":40,"href":"https:\/\/lectureetpartage.fr\/index.php\/wp-json\/wp\/v2\/pages\/1706\/revisions"}],"predecessor-version":[{"id":2839,"href":"https:\/\/lectureetpartage.fr\/index.php\/wp-json\/wp\/v2\/pages\/1706\/revisions\/2839"}],"up":[{"embeddable":true,"href":"https:\/\/lectureetpartage.fr\/index.php\/wp-json\/wp\/v2\/pages\/1490"}],"wp:attachment":[{"href":"https:\/\/lectureetpartage.fr\/index.php\/wp-json\/wp\/v2\/media?parent=1706"}],"curies":[{"name":"wp","href":"https:\/\/api.w.org\/{rel}","templated":true}]}}