{"id":1695,"date":"2025-04-15T18:23:14","date_gmt":"2025-04-15T16:23:14","guid":{"rendered":"https:\/\/lectureetpartage.fr\/?page_id=1695"},"modified":"2025-11-26T20:01:44","modified_gmt":"2025-11-26T19:01:44","slug":"ehpad","status":"publish","type":"page","link":"https:\/\/lectureetpartage.fr\/index.php\/lassociation\/adultes\/ehpad\/","title":{"rendered":"EHPAD"},"content":{"rendered":"\t\t<div data-elementor-type=\"wp-page\" data-elementor-id=\"1695\" class=\"elementor elementor-1695\" data-elementor-post-type=\"page\">\n\t\t\t\t\t\t<section class=\"elementor-section elementor-top-section elementor-element elementor-element-71e8f82 elementor-section-height-min-height elementor-section-boxed elementor-section-height-default elementor-section-items-middle\" data-id=\"71e8f82\" data-element_type=\"section\" data-e-type=\"section\" data-settings=\"{&quot;background_background&quot;:&quot;classic&quot;,&quot;shape_divider_bottom&quot;:&quot;arrow&quot;,&quot;shape_divider_bottom_negative&quot;:&quot;yes&quot;}\">\n\t\t\t\t\t\t\t<div class=\"elementor-background-overlay\"><\/div>\n\t\t\t\t\t\t<div class=\"elementor-shape elementor-shape-bottom\" aria-hidden=\"true\" data-negative=\"true\">\n\t\t\t<svg xmlns=\"http:\/\/www.w3.org\/2000\/svg\" viewBox=\"0 0 700 10\" preserveAspectRatio=\"none\">\n\t<path class=\"elementor-shape-fill\" d=\"M360 0L350 9.9 340 0 0 0 0 10 700 10 700 0\"\/>\n<\/svg>\t\t<\/div>\n\t\t\t\t\t<div class=\"elementor-container elementor-column-gap-default\">\n\t\t\t\t\t<div class=\"elementor-column elementor-col-100 elementor-top-column elementor-element elementor-element-abd26bf\" data-id=\"abd26bf\" data-element_type=\"column\" data-e-type=\"column\">\n\t\t\t<div class=\"elementor-widget-wrap\">\n\t\t\t\t\t\t\t<\/div>\n\t\t<\/div>\n\t\t\t\t\t<\/div>\n\t\t<\/section>\n\t\t\t\t<section class=\"elementor-section elementor-top-section elementor-element elementor-element-ed5a129 elementor-section-content-middle elementor-section-boxed elementor-section-height-default elementor-section-height-default\" data-id=\"ed5a129\" data-element_type=\"section\" data-e-type=\"section\" data-settings=\"{&quot;background_background&quot;:&quot;classic&quot;}\">\n\t\t\t\t\t\t<div class=\"elementor-container elementor-column-gap-default\">\n\t\t\t\t\t<div class=\"elementor-column elementor-col-100 elementor-top-column elementor-element elementor-element-d053d86\" data-id=\"d053d86\" data-element_type=\"column\" data-e-type=\"column\" data-settings=\"{&quot;background_background&quot;:&quot;classic&quot;}\">\n\t\t\t<div class=\"elementor-widget-wrap elementor-element-populated\">\n\t\t\t\t\t\t<div class=\"elementor-element elementor-element-13faee5 elementor-widget elementor-widget-heading\" data-id=\"13faee5\" data-element_type=\"widget\" data-e-type=\"widget\" data-widget_type=\"heading.default\">\n\t\t\t\t<div class=\"elementor-widget-container\">\n\t\t\t\t\t<h2 class=\"elementor-heading-title elementor-size-default\"> Partageons ensemble le plaisir de lire.<\/h2>\t\t\t\t<\/div>\n\t\t\t\t<\/div>\n\t\t\t\t\t<\/div>\n\t\t<\/div>\n\t\t\t\t\t<\/div>\n\t\t<\/section>\n\t\t\t\t<section class=\"elementor-section elementor-top-section elementor-element elementor-element-d3d2a41 elementor-section-boxed elementor-section-height-default elementor-section-height-default\" data-id=\"d3d2a41\" data-element_type=\"section\" data-e-type=\"section\">\n\t\t\t\t\t\t<div class=\"elementor-container elementor-column-gap-default\">\n\t\t\t\t\t<div class=\"elementor-column elementor-col-100 elementor-top-column elementor-element elementor-element-66798ef\" data-id=\"66798ef\" data-element_type=\"column\" data-e-type=\"column\">\n\t\t\t<div class=\"elementor-widget-wrap elementor-element-populated\">\n\t\t\t\t\t\t<div class=\"elementor-element elementor-element-f183888 elementor-widget elementor-widget-heading\" data-id=\"f183888\" data-element_type=\"widget\" data-e-type=\"widget\" data-widget_type=\"heading.default\">\n\t\t\t\t<div class=\"elementor-widget-container\">\n\t\t\t\t\t<h2 class=\"elementor-heading-title elementor-size-default\">EHPAD<\/h2>\t\t\t\t<\/div>\n\t\t\t\t<\/div>\n\t\t\t\t<section class=\"elementor-section elementor-inner-section elementor-element elementor-element-28c272a elementor-section-boxed elementor-section-height-default elementor-section-height-default\" data-id=\"28c272a\" data-element_type=\"section\" data-e-type=\"section\">\n\t\t\t\t\t\t<div class=\"elementor-container elementor-column-gap-default\">\n\t\t\t\t\t<div class=\"elementor-column elementor-col-50 elementor-inner-column elementor-element elementor-element-2a818f9\" data-id=\"2a818f9\" data-element_type=\"column\" data-e-type=\"column\">\n\t\t\t<div class=\"elementor-widget-wrap elementor-element-populated\">\n\t\t\t\t\t\t<div class=\"elementor-element elementor-element-d3a4dba elementor-widget elementor-widget-heading\" data-id=\"d3a4dba\" data-element_type=\"widget\" data-e-type=\"widget\" data-widget_type=\"heading.default\">\n\t\t\t\t<div class=\"elementor-widget-container\">\n\t\t\t\t\t<h2 class=\"elementor-heading-title elementor-size-default\">CHATEAU DU LOUP<\/h2>\t\t\t\t<\/div>\n\t\t\t\t<\/div>\n\t\t\t\t<div class=\"elementor-element elementor-element-6cb5d12 elementor-widget elementor-widget-text-editor\" data-id=\"6cb5d12\" data-element_type=\"widget\" data-e-type=\"widget\" data-widget_type=\"text-editor.default\">\n\t\t\t\t<div class=\"elementor-widget-container\">\n\t\t\t\t\t\t\t\t\t<p>Nous intervenons tous les 15 jours, le vendredi apr\u00e8s-midi.<br \/>Nos lectures sont diverses et vari\u00e9es, ax\u00e9es sur les \u00e9v\u00e8nements du moment, conscrits, St Valentin, F\u00eate du travail\u2026<br \/>Certaines lectrices pr\u00e9f\u00e8rent lire des contes, des po\u00e9sies, des fables, et d\u2019autres des lectures plus s\u00e9rieuses.<br \/>De temps en temps nous terminons en chansons.<\/p>\t\t\t\t\t\t\t\t<\/div>\n\t\t\t\t<\/div>\n\t\t\t\t\t<\/div>\n\t\t<\/div>\n\t\t\t\t<div class=\"elementor-column elementor-col-50 elementor-inner-column elementor-element elementor-element-4dd437e\" data-id=\"4dd437e\" data-element_type=\"column\" data-e-type=\"column\">\n\t\t\t<div class=\"elementor-widget-wrap elementor-element-populated\">\n\t\t\t\t\t\t<div class=\"elementor-element elementor-element-c57c51e elementor-widget elementor-widget-heading\" data-id=\"c57c51e\" data-element_type=\"widget\" data-e-type=\"widget\" data-widget_type=\"heading.default\">\n\t\t\t\t<div class=\"elementor-widget-container\">\n\t\t\t\t\t<h2 class=\"elementor-heading-title elementor-size-default\">MONTAIGU et MONET<\/h2>\t\t\t\t<\/div>\n\t\t\t\t<\/div>\n\t\t\t\t<div class=\"elementor-element elementor-element-c9ebc9a elementor-widget elementor-widget-text-editor\" data-id=\"c9ebc9a\" data-element_type=\"widget\" data-e-type=\"widget\" data-widget_type=\"text-editor.default\">\n\t\t\t\t<div class=\"elementor-widget-container\">\n\t\t\t\t\t\t\t\t\t<p>Capacit\u00e9 d\u2019accueil :\u00a0 54 personnes \u00e0 l \u2019Ehpad Montaigu\u00a0 et 12 personnes au foyer Monet.<br \/>Lecture et Partage est bien accueillie par les \u00e9quipes de ces \u00e9tablissements. <br \/>Lecture et Partage est repr\u00e9sent\u00e9e au Conseil de Vie Sociale Montaigu-Monet suite aux \u00e9lections de 2023, pour 3 ans\u00a0 (4 r\u00e9unions par an).<br \/>Lectures une fois tous les 15 jours le matin de 10h45 \u00e0 11h45, dans le salon Modigliani pour les r\u00e9sidents de Montaigu ou dans le jardin par beau temps et dans une autre salle pour les r\u00e9sidents de Monet. <br \/>Ehpad Montaigu: les lundis et les jeudis matins. <br \/>Foyer Monet: les mardis matins. Groupes de 8 \u00e0 10 personnes par s\u00e9ance, accompagn\u00e9es en salle par l\u2019animatrice pour ceux\/celles en ayant besoin .\u00a0<\/p>\t\t\t\t\t\t\t\t<\/div>\n\t\t\t\t<\/div>\n\t\t\t\t\t<\/div>\n\t\t<\/div>\n\t\t\t\t\t<\/div>\n\t\t<\/section>\n\t\t\t\t\t<\/div>\n\t\t<\/div>\n\t\t\t\t\t<\/div>\n\t\t<\/section>\n\t\t\t\t<section class=\"elementor-section elementor-top-section elementor-element elementor-element-11f08a5 elementor-section-boxed elementor-section-height-default elementor-section-height-default\" data-id=\"11f08a5\" data-element_type=\"section\" data-e-type=\"section\">\n\t\t\t\t\t\t<div class=\"elementor-container elementor-column-gap-default\">\n\t\t\t\t\t<div class=\"elementor-column elementor-col-33 elementor-top-column elementor-element elementor-element-5246b02\" data-id=\"5246b02\" data-element_type=\"column\" data-e-type=\"column\">\n\t\t\t<div class=\"elementor-widget-wrap elementor-element-populated\">\n\t\t\t\t\t\t<div class=\"elementor-element elementor-element-b2aeaa9 elementor-widget elementor-widget-heading\" data-id=\"b2aeaa9\" data-element_type=\"widget\" data-e-type=\"widget\" data-widget_type=\"heading.default\">\n\t\t\t\t<div class=\"elementor-widget-container\">\n\t\t\t\t\t<h2 class=\"elementor-heading-title elementor-size-default\">PIERRE  DE BEAUJEU<\/h2>\t\t\t\t<\/div>\n\t\t\t\t<\/div>\n\t\t\t\t<div class=\"elementor-element elementor-element-0d5a7a3 elementor-widget elementor-widget-text-editor\" data-id=\"0d5a7a3\" data-element_type=\"widget\" data-e-type=\"widget\" data-widget_type=\"text-editor.default\">\n\t\t\t\t<div class=\"elementor-widget-container\">\n\t\t\t\t\t\t\t\t\t<p>Trois membres de Lecture et Partage assurent chaque mardi matin une s\u00e9ance de 45 minutes au cours de laquelle deux d\u2019entre eux lisent \u00e0 voix haute divers textes courts, de tous styles (contes, nouvelles, po\u00e8mes, fables, extraits de livres, etc ), \u00e0 un public de r\u00e9sidents (7 \u00e0 12 en moyenne) de l\u2019EHPAD Pierre de Beaujeu. Souvent, des photos ou des images illustrant le texte sont pr\u00e9sent\u00e9es et comment\u00e9es.<br \/>Les s\u00e9ances de lecture sont int\u00e9gr\u00e9es au programme d\u2019animation propos\u00e9 aux r\u00e9sidents.<br \/>L\u2019animatrice identifie les r\u00e9sidents participant \u00e0 chaque s\u00e9ance et les r\u00e9unit dans la salle d\u00e9di\u00e9e \u00e0 l\u2019animation. Le plus souvent, nous l\u2019aidons \u00e0 amener les personnes ou \u00e0 les raccompagner dans leur chambre ou leur lieu de vie.<br \/>Nous disposons d\u2019un micro, ce qui permet d\u2019\u00eatre bien compris, et nous appr\u00e9cions de retrouver r\u00e9guli\u00e8rement un public agr\u00e9able.<br \/>Entour\u00e9s d\u2019un personnel globalement tr\u00e8s pr\u00e9sent, nous sommes heureux de contribuer \u00e0 \u00e9gayer un peu la vie des r\u00e9sidents qui nous \u00e9coutent, r\u00e9agissent de temps \u00e0 autres aux lectures, et avec qui nous avons nou\u00e9 des relations chaleureuses.<\/p>\t\t\t\t\t\t\t\t<\/div>\n\t\t\t\t<\/div>\n\t\t\t\t\t<\/div>\n\t\t<\/div>\n\t\t\t\t<div class=\"elementor-column elementor-col-66 elementor-top-column elementor-element elementor-element-792393f\" data-id=\"792393f\" data-element_type=\"column\" data-e-type=\"column\">\n\t\t\t<div class=\"elementor-widget-wrap elementor-element-populated\">\n\t\t\t\t\t\t<div class=\"elementor-element elementor-element-f5650b4 elementor-widget elementor-widget-heading\" data-id=\"f5650b4\" data-element_type=\"widget\" data-e-type=\"widget\" data-widget_type=\"heading.default\">\n\t\t\t\t<div class=\"elementor-widget-container\">\n\t\t\t\t\t<h2 class=\"elementor-heading-title elementor-size-default\">LES MAGNOLIAS<\/h2>\t\t\t\t<\/div>\n\t\t\t\t<\/div>\n\t\t\t\t<div class=\"elementor-element elementor-element-a692def elementor-widget elementor-widget-text-editor\" data-id=\"a692def\" data-element_type=\"widget\" data-e-type=\"widget\" data-widget_type=\"text-editor.default\">\n\t\t\t\t<div class=\"elementor-widget-container\">\n\t\t\t\t\t\t\t\t\t<p>Un \u00e9tablissement accueillant o\u00f9 la lecture est consid\u00e9r\u00e9e comme un apport enrichissant pour les r\u00e9sidents.<br \/>La psychologue est notre interlocuteur, elle rassemble les personnes int\u00e9ress\u00e9es et nous lui faisons un bref retour \u00e0 la fin de nos s\u00e9ances ainsi qu&rsquo;une liste de nos lectures sur un cahier.<br \/>Nous agr\u00e9mentons nos s\u00e9ances par une chanson ou une m\u00e9lodie en lien avec l&rsquo;un ou l&rsquo;autre des th\u00e8mes abord\u00e9s ou simplement pour apporter de la l\u00e9g\u00e8ret\u00e9 \u00e0 notre s\u00e9ance.<br \/>5 \u00e0 8 personnes viennent fid\u00e8lement nous \u00e9couter. Leur int\u00e9r\u00eat nous a incit\u00e9s \u00e0 leur proposer de la lecture toutes les semaines, hors vacances scolaires.<br \/>Notre \u00e9quipe est constitu\u00e9e de 5 lecteurs et nous planifions chaque trimestre nos interventions selon les disponibilit\u00e9s de chacun. Nous nous envoyons un bref compte-rendu dans la semaine qui notre \u00ab prestation \u00bb.<br \/>Cette \u00e9quipe fonctionne tr\u00e8s bien et notre auditoire est fort sympathique.<\/p>\t\t\t\t\t\t\t\t<\/div>\n\t\t\t\t<\/div>\n\t\t\t\t\t<\/div>\n\t\t<\/div>\n\t\t\t\t\t<\/div>\n\t\t<\/section>\n\t\t\t\t<section class=\"elementor-section elementor-top-section elementor-element elementor-element-db01a4d elementor-section-boxed elementor-section-height-default elementor-section-height-default\" data-id=\"db01a4d\" data-element_type=\"section\" data-e-type=\"section\">\n\t\t\t\t\t\t<div class=\"elementor-container elementor-column-gap-default\">\n\t\t\t\t\t<div class=\"elementor-column elementor-col-100 elementor-top-column elementor-element elementor-element-41e0c7d\" data-id=\"41e0c7d\" data-element_type=\"column\" data-e-type=\"column\">\n\t\t\t<div class=\"elementor-widget-wrap elementor-element-populated\">\n\t\t\t\t\t\t<div class=\"elementor-element elementor-element-65ecba8 elementor-widget__width-initial elementor-widget elementor-widget-heading\" data-id=\"65ecba8\" data-element_type=\"widget\" data-e-type=\"widget\" data-widget_type=\"heading.default\">\n\t\t\t\t<div class=\"elementor-widget-container\">\n\t\t\t\t\t<h2 class=\"elementor-heading-title elementor-size-default\">BELLEVILLE EN BEAUJOLAIS.<\/h2>\t\t\t\t<\/div>\n\t\t\t\t<\/div>\n\t\t\t\t<div class=\"elementor-element elementor-element-38efb28 elementor-widget__width-initial elementor-widget elementor-widget-text-editor\" data-id=\"38efb28\" data-element_type=\"widget\" data-e-type=\"widget\" data-widget_type=\"text-editor.default\">\n\t\t\t\t<div class=\"elementor-widget-container\">\n\t\t\t\t\t\t\t\t\t<p>Le groupe des lecteurs de Belleville s\u2019est beaucoup \u00e9toff\u00e9 depuis ao\u00fbt 2022 : 5 lectrices et un lecteur interviennent r\u00e9guli\u00e8rement dans cet \u00e9tablissement.<\/p><p>Chaque semaine, une lectrice rencontre une r\u00e9sidente dans sa chambre et il en est de m\u00eame pour un lecteur qui lit pour une seconde personne.<\/p><p>Pour les\u00a0 \u00ab lectures collectives \u00bb, dans 3 services diff\u00e9rents, \u00a03 groupes de r\u00e9sidents en b\u00e9n\u00e9ficient chaque mois. Ils sont entre 4 et 8 personnes qui viennent pendant une heure \u00e9couter plusieurs textes quelquefois accompagn\u00e9s de musique.<\/p><p>Les dates de nos interventions pour les \u00ab lectures collectives \u00bb sont \u00e9tablies avec le service \u00ab Animation \u00bb avec qui nous avons de bonnes relations. Ces dates apparaissent sur le planning des activit\u00e9s qui est affich\u00e9 chaque semaine dans les divers services de l\u2019EHPAD.<\/p><p>Les dates de nos lectures en chambre pour une seule personne sont fix\u00e9es en accord avec le r\u00e9sident ou la r\u00e9sidente.<\/p>\t\t\t\t\t\t\t\t<\/div>\n\t\t\t\t<\/div>\n\t\t\t\t<div class=\"elementor-element elementor-element-a0c7763 elementor-widget__width-initial elementor-widget elementor-widget-image\" data-id=\"a0c7763\" data-element_type=\"widget\" data-e-type=\"widget\" data-widget_type=\"image.default\">\n\t\t\t\t<div class=\"elementor-widget-container\">\n\t\t\t\t\t\t\t\t\t\t\t\t\t\t\t<img fetchpriority=\"high\" decoding=\"async\" width=\"1024\" height=\"683\" src=\"https:\/\/lectureetpartage.fr\/wp-content\/uploads\/2025\/11\/Belleville-1024x683.jpg\" class=\"attachment-large size-large wp-image-2561\" alt=\"\" srcset=\"https:\/\/lectureetpartage.fr\/wp-content\/uploads\/2025\/11\/Belleville-1024x683.jpg 1024w, https:\/\/lectureetpartage.fr\/wp-content\/uploads\/2025\/11\/Belleville-300x200.jpg 300w, https:\/\/lectureetpartage.fr\/wp-content\/uploads\/2025\/11\/Belleville-768x512.jpg 768w, https:\/\/lectureetpartage.fr\/wp-content\/uploads\/2025\/11\/Belleville-1536x1024.jpg 1536w, https:\/\/lectureetpartage.fr\/wp-content\/uploads\/2025\/11\/Belleville-2048x1365.jpg 2048w\" sizes=\"(max-width: 1024px) 100vw, 1024px\" \/>\t\t\t\t\t\t\t\t\t\t\t\t\t\t\t<\/div>\n\t\t\t\t<\/div>\n\t\t\t\t\t<\/div>\n\t\t<\/div>\n\t\t\t\t\t<\/div>\n\t\t<\/section>\n\t\t\t\t<section class=\"elementor-section elementor-top-section elementor-element elementor-element-9382448 elementor-section-boxed elementor-section-height-default elementor-section-height-default\" data-id=\"9382448\" data-element_type=\"section\" data-e-type=\"section\">\n\t\t\t\t\t\t<div class=\"elementor-container elementor-column-gap-default\">\n\t\t\t\t\t<div class=\"elementor-column elementor-col-100 elementor-top-column elementor-element elementor-element-f7fb0a0\" data-id=\"f7fb0a0\" data-element_type=\"column\" data-e-type=\"column\">\n\t\t\t<div class=\"elementor-widget-wrap elementor-element-populated\">\n\t\t\t\t\t\t<div class=\"elementor-element elementor-element-3e7b870 elementor-widget__width-initial elementor-widget elementor-widget-heading\" data-id=\"3e7b870\" data-element_type=\"widget\" data-e-type=\"widget\" data-widget_type=\"heading.default\">\n\t\t\t\t<div class=\"elementor-widget-container\">\n\t\t\t\t\t<h2 class=\"elementor-heading-title elementor-size-default\">BEAUJEU<\/h2>\t\t\t\t<\/div>\n\t\t\t\t<\/div>\n\t\t\t\t<div class=\"elementor-element elementor-element-77a95ae elementor-widget__width-initial elementor-widget elementor-widget-text-editor\" data-id=\"77a95ae\" data-element_type=\"widget\" data-e-type=\"widget\" data-widget_type=\"text-editor.default\">\n\t\t\t\t<div class=\"elementor-widget-container\">\n\t\t\t\t\t\t\t\t\t<p>Nous intervenons une fois par mois pour la lecture aux deux lieux suivants :<\/p><ul><li>Au PASA de l&rsquo;EHPAD \u00ab\u00a0Les Etoux\u00a0\u00bb<\/li><li>A l&rsquo;accueil de jour \u00ab\u00a0La Cadole\u00a0\u00bb, \u00e0 la maison m\u00e9dicale.<\/li><\/ul>\t\t\t\t\t\t\t\t<\/div>\n\t\t\t\t<\/div>\n\t\t\t\t\t<\/div>\n\t\t<\/div>\n\t\t\t\t\t<\/div>\n\t\t<\/section>\n\t\t\t\t<\/div>\n\t\t","protected":false},"excerpt":{"rendered":"<p>Partageons ensemble le plaisir de lire. EHPAD CHATEAU DU LOUP Nous intervenons tous les 15 jours, le vendredi apr\u00e8s-midi.Nos lectures sont diverses et vari\u00e9es, ax\u00e9es sur les \u00e9v\u00e8nements du moment, conscrits, St Valentin, F\u00eate du travail\u2026Certaines lectrices pr\u00e9f\u00e8rent lire des contes, des po\u00e9sies, des fables, et d\u2019autres des lectures plus s\u00e9rieuses.De temps en temps nous&#8230;<\/p>\n","protected":false},"author":1,"featured_media":0,"parent":1490,"menu_order":0,"comment_status":"closed","ping_status":"closed","template":"","meta":{"_kadence_starter_templates_imported_post":false,"_kad_post_transparent":"","_kad_post_title":"hide","_kad_post_layout":"fullwidth","_kad_post_sidebar_id":"","_kad_post_content_style":"unboxed","_kad_post_vertical_padding":"hide","_kad_post_feature":"hide","_kad_post_feature_position":"","_kad_post_header":false,"_kad_post_footer":false,"_kad_post_classname":"","footnotes":""},"class_list":["post-1695","page","type-page","status-publish","hentry"],"_links":{"self":[{"href":"https:\/\/lectureetpartage.fr\/index.php\/wp-json\/wp\/v2\/pages\/1695","targetHints":{"allow":["GET"]}}],"collection":[{"href":"https:\/\/lectureetpartage.fr\/index.php\/wp-json\/wp\/v2\/pages"}],"about":[{"href":"https:\/\/lectureetpartage.fr\/index.php\/wp-json\/wp\/v2\/types\/page"}],"author":[{"embeddable":true,"href":"https:\/\/lectureetpartage.fr\/index.php\/wp-json\/wp\/v2\/users\/1"}],"replies":[{"embeddable":true,"href":"https:\/\/lectureetpartage.fr\/index.php\/wp-json\/wp\/v2\/comments?post=1695"}],"version-history":[{"count":56,"href":"https:\/\/lectureetpartage.fr\/index.php\/wp-json\/wp\/v2\/pages\/1695\/revisions"}],"predecessor-version":[{"id":2840,"href":"https:\/\/lectureetpartage.fr\/index.php\/wp-json\/wp\/v2\/pages\/1695\/revisions\/2840"}],"up":[{"embeddable":true,"href":"https:\/\/lectureetpartage.fr\/index.php\/wp-json\/wp\/v2\/pages\/1490"}],"wp:attachment":[{"href":"https:\/\/lectureetpartage.fr\/index.php\/wp-json\/wp\/v2\/media?parent=1695"}],"curies":[{"name":"wp","href":"https:\/\/api.w.org\/{rel}","templated":true}]}}